{"id":1964,"date":"2022-01-18T16:11:18","date_gmt":"2022-01-18T14:11:18","guid":{"rendered":"http:\/\/www.xn--tyvenmuseo-s5a8s.fi\/vihrea-lanka-19-11-2021-6-3-2022\/"},"modified":"2022-01-18T16:12:33","modified_gmt":"2022-01-18T14:12:33","slug":"vihrea-lanka-19-11-2021-6-3-2022","status":"publish","type":"page","link":"https:\/\/www.tyovaenmuseo.fi\/en\/exhibitions\/current-exhibitions\/vihrea-lanka-19-11-2021-6-3-2022\/","title":{"rendered":"VIHRE\u00c4 LANKA 19.11.2021-6.3.2022"},"content":{"rendered":"<p>[et_pb_section fb_built=&#8221;1&#8243; fullwidth=&#8221;on&#8221; _builder_version=&#8221;4.13.1&#8243; _module_preset=&#8221;default&#8221; global_colors_info=&#8221;{}&#8221;][et_pb_fullwidth_header title=&#8221;@ET-DC@eyJkeW5hbWljIjp0cnVlLCJjb250ZW50IjoicG9zdF9saW5rIiwic2V0dGluZ3MiOnsiYmVmb3JlIjoiIiwiYWZ0ZXIiOiIiLCJ0ZXh0IjoicG9zdF90aXRsZSIsImN1c3RvbV90ZXh0IjoiIn19@&#8221; text_orientation=&#8221;center&#8221; _builder_version=&#8221;4.14.1&#8243; _dynamic_attributes=&#8221;title&#8221; _module_preset=&#8221;default&#8221; title_font=&#8221;Interstate Bold|||on|||||&#8221; title_font_size=&#8221;35px&#8221; title_letter_spacing=&#8221;1px&#8221; title_line_height=&#8221;1.2em&#8221; background_color=&#8221;rgba(10,10,10,0.64)&#8221; background_image=&#8221;http:\/\/www.tyovaenmuseo.fi\/wp-content\/uploads\/2021\/12\/Werstas_nayttelyt_juuri_nyt_vihrea_lanka-1.jpg&#8221; background_blend=&#8221;overlay&#8221; min_height=&#8221;450px&#8221; min_height_tablet=&#8221;450px&#8221; min_height_phone=&#8221;300px&#8221; min_height_last_edited=&#8221;on|phone&#8221; custom_padding=&#8221;200px||||false|false&#8221; custom_padding_tablet=&#8221;200px||||false|false&#8221; custom_padding_phone=&#8221;140px||||false|false&#8221; custom_padding_last_edited=&#8221;on|phone&#8221; hover_enabled=&#8221;0&#8243; title_font_size_tablet=&#8221;35px&#8221; title_font_size_phone=&#8221;21px&#8221; title_font_size_last_edited=&#8221;on|phone&#8221; title_text_shadow_style=&#8221;preset3&#8243; title_text_shadow_blur_strength=&#8221;0.36em&#8221; title_text_shadow_color=&#8221;rgba(0,0,0,0.8)&#8221; global_colors_info=&#8221;{}&#8221; title_text=&#8221;Werstas_nayttelyt_juuri_nyt_vihrea_lanka-(1)&#8221; sticky_enabled=&#8221;0&#8243;][\/et_pb_fullwidth_header][\/et_pb_section][et_pb_section fb_built=&#8221;1&#8243; next_background_color=&#8221;#ffffff&#8221; _builder_version=&#8221;4.14.1&#8243; _module_preset=&#8221;default&#8221; background_color=&#8221;#f1f1f1&#8243; custom_padding=&#8221;||83px|||&#8221; top_divider_style=&#8221;slant&#8221; top_divider_color=&#8221;#93122a&#8221; top_divider_height=&#8221;47px&#8221; top_divider_height_tablet=&#8221;47px&#8221; top_divider_height_phone=&#8221;22px&#8221; top_divider_height_last_edited=&#8221;on|phone&#8221; bottom_divider_style=&#8221;mountains2&#8243; bottom_divider_height=&#8221;81px&#8221; bottom_divider_flip=&#8221;vertical&#8221; global_colors_info=&#8221;{}&#8221;][et_pb_row _builder_version=&#8221;4.14.1&#8243; _module_preset=&#8221;default&#8221; custom_margin=&#8221;50px|auto||auto||&#8221; custom_margin_tablet=&#8221;50px|auto||auto||&#8221; custom_margin_phone=&#8221;20px||||false|false&#8221; custom_margin_last_edited=&#8221;on|phone&#8221; global_colors_info=&#8221;{}&#8221;][et_pb_column type=&#8221;4_4&#8243; _builder_version=&#8221;4.14.1&#8243; _module_preset=&#8221;default&#8221; global_colors_info=&#8221;{}&#8221;][et_pb_text _builder_version=&#8221;4.14.1&#8243; _module_preset=&#8221;default&#8221; text_text_color=&#8221;#4f4237&#8243; text_font_size=&#8221;18px&#8221; text_line_height=&#8221;1.5em&#8221; max_width=&#8221;750px&#8221; hover_enabled=&#8221;0&#8243; text_font_size_tablet=&#8221;18px&#8221; text_font_size_phone=&#8221;16px&#8221; text_font_size_last_edited=&#8221;on|phone&#8221; text_orientation_tablet=&#8221;&#8221; text_orientation_phone=&#8221;center&#8221; text_orientation_last_edited=&#8221;on|phone&#8221; global_colors_info=&#8221;{}&#8221; sticky_enabled=&#8221;0&#8243;]<\/p>\n<p><strong>The photo exhibition explores the early years of the Vihre\u00e4 Lanka newspaper and pioneering environmentalists in Finland. In addition to photos, the exhibition includes drawings by Sami Toivonen and Pekka Sauri, as well as interviews with the newspaper&#8217;s chief editors Timo Harakka and Pauli V\u00e4lim\u00e4ki.<\/strong><\/p>\n<p>[\/et_pb_text][\/et_pb_column][\/et_pb_row][\/et_pb_section][et_pb_section fb_built=&#8221;1&#8243; _builder_version=&#8221;4.14.1&#8243; _module_preset=&#8221;default&#8221; custom_padding=&#8221;50px||74px|||&#8221; global_colors_info=&#8221;{}&#8221;][et_pb_row _builder_version=&#8221;4.14.1&#8243; _module_preset=&#8221;default&#8221; hover_enabled=&#8221;0&#8243; global_colors_info=&#8221;{}&#8221; column_structure=&#8221;1_2,1_2&#8243; sticky_enabled=&#8221;0&#8243;][et_pb_column type=&#8221;1_2&#8243; _builder_version=&#8221;4.14.1&#8243; _module_preset=&#8221;default&#8221; global_colors_info=&#8221;{}&#8221;][et_pb_text quote_border_color=&#8221;#93122A&#8221; _builder_version=&#8221;4.14.1&#8243; _module_preset=&#8221;default&#8221; text_text_color=&#8221;#404040&#8243; text_font_size=&#8221;16px&#8221; quote_text_color=&#8221;#404040&#8243; max_width=&#8221;750px&#8221; hover_enabled=&#8221;0&#8243; global_colors_info=&#8221;{}&#8221; sticky_enabled=&#8221;0&#8243;]<\/p>\n<p>Vihre\u00e4 Lanka was published from 1983 to 2019. The newspaper boosted public awareness and debate on environmental issues and served as an important communication channel for many grassroots-level actors who were rarely given column space in the mainstream media.<\/p>\n<p>Vihre\u00e4 Lanka was discontinued in 2019. After that, the newspaper\u2019s photo archives from the 1980s\u20131990s were donated to the Finnish Labour Museum Werstas. Of the thousands of photos in the archives, 77 photos of pioneering environmentalists have been selected for the exhibition. The photo collection offers a unique overview of the history of environmental activity in Finland.<\/p>\n<p>The photos tell about responsible consumption and recycling, the rise of civic activity and activism, and the development of the environmental movement in Finland, and offer a glimpse into the history of the Vihre\u00e4 Lanka newspaper.<\/p>\n<p>In addition to photos, the exhibition features cartoons published in the newspaper, including environmental cartoons by Sami Toivonen, also known as the creators of the hilarious Oddville boys, Tatu and Patu, as well as selected strips from the Just Joo cartoons by Pekka Sauri.<\/p>\n<p>The exhibition also features video interviews with the newspaper&#8217;s former chief editors Pauli V\u00e4lim\u00e4ki and Timo Harakka, who edited Vihre\u00e4 Lanka in the 1980s\u20131990s.<\/p>\n<p>[\/et_pb_text][\/et_pb_column][et_pb_column type=&#8221;1_2&#8243; _builder_version=&#8221;4.14.1&#8243; _module_preset=&#8221;default&#8221; global_colors_info=&#8221;{}&#8221;][et_pb_image src=&#8221;http:\/\/www.tyovaenmuseo.fi\/wp-content\/uploads\/2021\/12\/Werstas_nayttelyt_juuri_nyt_vihrea_lanka.jpg&#8221; _builder_version=&#8221;4.14.1&#8243; _module_preset=&#8221;default&#8221; title_text=&#8221;Werstas_nayttelyt_juuri_nyt_vihrea_lanka&#8221; hover_enabled=&#8221;0&#8243; sticky_enabled=&#8221;0&#8243; custom_margin=&#8221;|||29px||&#8221; custom_margin_last_edited=&#8221;on|phone&#8221; custom_margin_phone=&#8221;|||0px|false|false&#8221; custom_margin_tablet=&#8221;30px|||0px|false|false&#8221;][\/et_pb_image][\/et_pb_column][\/et_pb_row][\/et_pb_section]<\/p>\n","protected":false},"excerpt":{"rendered":"<p>The photo exhibition explores the early years of the Vihre\u00e4 Lanka newspaper and pioneering environmentalists in Finland. In addition to photos, the exhibition includes drawings by Sami Toivonen and Pekka Sauri, as well as interviews with the newspaper&#8217;s chief editors Timo Harakka and Pauli V\u00e4lim\u00e4ki.Vihre\u00e4 Lanka was published from 1983 to 2019. The newspaper boosted [&hellip;]<\/p>\n","protected":false},"author":1,"featured_media":0,"parent":2336,"menu_order":0,"comment_status":"closed","ping_status":"closed","template":"","meta":{"_et_pb_use_builder":"on","_et_pb_old_content":"","_et_gb_content_width":"","footnotes":""},"class_list":["post-1964","page","type-page","status-publish","hentry"],"_links":{"self":[{"href":"https:\/\/www.tyovaenmuseo.fi\/en\/wp-json\/wp\/v2\/pages\/1964","targetHints":{"allow":["GET"]}}],"collection":[{"href":"https:\/\/www.tyovaenmuseo.fi\/en\/wp-json\/wp\/v2\/pages"}],"about":[{"href":"https:\/\/www.tyovaenmuseo.fi\/en\/wp-json\/wp\/v2\/types\/page"}],"author":[{"embeddable":true,"href":"https:\/\/www.tyovaenmuseo.fi\/en\/wp-json\/wp\/v2\/users\/1"}],"replies":[{"embeddable":true,"href":"https:\/\/www.tyovaenmuseo.fi\/en\/wp-json\/wp\/v2\/comments?post=1964"}],"version-history":[{"count":8,"href":"https:\/\/www.tyovaenmuseo.fi\/en\/wp-json\/wp\/v2\/pages\/1964\/revisions"}],"predecessor-version":[{"id":1972,"href":"https:\/\/www.tyovaenmuseo.fi\/en\/wp-json\/wp\/v2\/pages\/1964\/revisions\/1972"}],"up":[{"embeddable":true,"href":"https:\/\/www.tyovaenmuseo.fi\/en\/wp-json\/wp\/v2\/pages\/2336"}],"wp:attachment":[{"href":"https:\/\/www.tyovaenmuseo.fi\/en\/wp-json\/wp\/v2\/media?parent=1964"}],"curies":[{"name":"wp","href":"https:\/\/api.w.org\/{rel}","templated":true}]}}

VIHREÄ LANKA 19.11.2021-6.3.2022

<p>[et_pb_section fb_built=&#8221;1&#8243; fullwidth=&#8221;on&#8221; _builder_version=&#8221;4.13.1&#8243; _module_preset=&#8221;default&#8221; global_colors_info=&#8221;{}&#8221;][et_pb_fullwidth_header title=&#8221;@ET-DC@eyJkeW5hbWljIjp0cnVlLCJjb250ZW50IjoicG9zdF9saW5rIiwic2V0dGluZ3MiOnsiYmVmb3JlIjoiIiwiYWZ0ZXIiOiIiLCJ0ZXh0IjoicG9zdF90aXRsZSIsImN1c3RvbV90ZXh0IjoiIn19@&#8221; text_orientation=&#8221;center&#8221; _builder_version=&#8221;4.14.1&#8243; _dynamic_attributes=&#8221;title&#8221; _module_preset=&#8221;default&#8221; title_font=&#8221;Interstate Bold|||on|||||&#8221; title_font_size=&#8221;35px&#8221; title_letter_spacing=&#8221;1px&#8221; title_line_height=&#8221;1.2em&#8221; background_color=&#8221;rgba(10,10,10,0.64)&#8221; background_image=&#8221;http://www.tyovaenmuseo.fi/wp-content/uploads/2021/12/Werstas_nayttelyt_juuri_nyt_vihrea_lanka-1.jpg&#8221; background_blend=&#8221;overlay&#8221; min_height=&#8221;450px&#8221; min_height_tablet=&#8221;450px&#8221; min_height_phone=&#8221;300px&#8221; min_height_last_edited=&#8221;on|phone&#8221; custom_padding=&#8221;200px||||false|false&#8221; custom_padding_tablet=&#8221;200px||||false|false&#8221; custom_padding_phone=&#8221;140px||||false|false&#8221; custom_padding_last_edited=&#8221;on|phone&#8221; hover_enabled=&#8221;0&#8243; title_font_size_tablet=&#8221;35px&#8221; title_font_size_phone=&#8221;21px&#8221; title_font_size_last_edited=&#8221;on|phone&#8221; title_text_shadow_style=&#8221;preset3&#8243; title_text_shadow_blur_strength=&#8221;0.36em&#8221; title_text_shadow_color=&#8221;rgba(0,0,0,0.8)&#8221; global_colors_info=&#8221;{}&#8221; title_text=&#8221;Werstas_nayttelyt_juuri_nyt_vihrea_lanka-(1)&#8221; sticky_enabled=&#8221;0&#8243;][/et_pb_fullwidth_header][/et_pb_section][et_pb_section fb_built=&#8221;1&#8243; next_background_color=&#8221;#ffffff&#8221; _builder_version=&#8221;4.14.1&#8243; _module_preset=&#8221;default&#8221; background_color=&#8221;#f1f1f1&#8243; custom_padding=&#8221;||83px|||&#8221; top_divider_style=&#8221;slant&#8221; top_divider_color=&#8221;#93122a&#8221; top_divider_height=&#8221;47px&#8221; top_divider_height_tablet=&#8221;47px&#8221; top_divider_height_phone=&#8221;22px&#8221; top_divider_height_last_edited=&#8221;on|phone&#8221; bottom_divider_style=&#8221;mountains2&#8243; bottom_divider_height=&#8221;81px&#8221; bottom_divider_flip=&#8221;vertical&#8221; global_colors_info=&#8221;{}&#8221;][et_pb_row _builder_version=&#8221;4.14.1&#8243; _module_preset=&#8221;default&#8221; custom_margin=&#8221;50px|auto||auto||&#8221; custom_margin_tablet=&#8221;50px|auto||auto||&#8221; custom_margin_phone=&#8221;20px||||false|false&#8221; custom_margin_last_edited=&#8221;on|phone&#8221; global_colors_info=&#8221;{}&#8221;][et_pb_column type=&#8221;4_4&#8243; _builder_version=&#8221;4.14.1&#8243; _module_preset=&#8221;default&#8221; global_colors_info=&#8221;{}&#8221;][et_pb_text _builder_version=&#8221;4.14.1&#8243; _module_preset=&#8221;default&#8221; text_text_color=&#8221;#4f4237&#8243; text_font_size=&#8221;18px&#8221; text_line_height=&#8221;1.5em&#8221; max_width=&#8221;750px&#8221; hover_enabled=&#8221;0&#8243; text_font_size_tablet=&#8221;18px&#8221; text_font_size_phone=&#8221;16px&#8221; text_font_size_last_edited=&#8221;on|phone&#8221; text_orientation_tablet=&#8221;&#8221; text_orientation_phone=&#8221;center&#8221; text_orientation_last_edited=&#8221;on|phone&#8221; global_colors_info=&#8221;{}&#8221; sticky_enabled=&#8221;0&#8243;]</p>
<p><strong>The photo exhibition explores the early years of the Vihreä Lanka newspaper and pioneering environmentalists in Finland. In addition to photos, the exhibition includes drawings by Sami Toivonen and Pekka Sauri, as well as interviews with the newspaper&#8217;s chief editors Timo Harakka and Pauli Välimäki.</strong></p>
<p>[/et_pb_text][/et_pb_column][/et_pb_row][/et_pb_section][et_pb_section fb_built=&#8221;1&#8243; _builder_version=&#8221;4.14.1&#8243; _module_preset=&#8221;default&#8221; custom_padding=&#8221;50px||74px|||&#8221; global_colors_info=&#8221;{}&#8221;][et_pb_row _builder_version=&#8221;4.14.1&#8243; _module_preset=&#8221;default&#8221; hover_enabled=&#8221;0&#8243; global_colors_info=&#8221;{}&#8221; column_structure=&#8221;1_2,1_2&#8243; sticky_enabled=&#8221;0&#8243;][et_pb_column type=&#8221;1_2&#8243; _builder_version=&#8221;4.14.1&#8243; _module_preset=&#8221;default&#8221; global_colors_info=&#8221;{}&#8221;][et_pb_text quote_border_color=&#8221;#93122A&#8221; _builder_version=&#8221;4.14.1&#8243; _module_preset=&#8221;default&#8221; text_text_color=&#8221;#404040&#8243; text_font_size=&#8221;16px&#8221; quote_text_color=&#8221;#404040&#8243; max_width=&#8221;750px&#8221; hover_enabled=&#8221;0&#8243; global_colors_info=&#8221;{}&#8221; sticky_enabled=&#8221;0&#8243;]</p>
<p>Vihreä Lanka was published from 1983 to 2019. The newspaper boosted public awareness and debate on environmental issues and served as an important communication channel for many grassroots-level actors who were rarely given column space in the mainstream media.</p>
<p>Vihreä Lanka was discontinued in 2019. After that, the newspaper’s photo archives from the 1980s–1990s were donated to the Finnish Labour Museum Werstas. Of the thousands of photos in the archives, 77 photos of pioneering environmentalists have been selected for the exhibition. The photo collection offers a unique overview of the history of environmental activity in Finland.</p>
<p>The photos tell about responsible consumption and recycling, the rise of civic activity and activism, and the development of the environmental movement in Finland, and offer a glimpse into the history of the Vihreä Lanka newspaper.</p>
<p>In addition to photos, the exhibition features cartoons published in the newspaper, including environmental cartoons by Sami Toivonen, also known as the creators of the hilarious Oddville boys, Tatu and Patu, as well as selected strips from the Just Joo cartoons by Pekka Sauri.</p>
<p>The exhibition also features video interviews with the newspaper&#8217;s former chief editors Pauli Välimäki and Timo Harakka, who edited Vihreä Lanka in the 1980s–1990s.</p>
<p>[/et_pb_text][/et_pb_column][et_pb_column type=&#8221;1_2&#8243; _builder_version=&#8221;4.14.1&#8243; _module_preset=&#8221;default&#8221; global_colors_info=&#8221;{}&#8221;][et_pb_image src=&#8221;http://www.tyovaenmuseo.fi/wp-content/uploads/2021/12/Werstas_nayttelyt_juuri_nyt_vihrea_lanka.jpg&#8221; _builder_version=&#8221;4.14.1&#8243; _module_preset=&#8221;default&#8221; title_text=&#8221;Werstas_nayttelyt_juuri_nyt_vihrea_lanka&#8221; hover_enabled=&#8221;0&#8243; sticky_enabled=&#8221;0&#8243; custom_margin=&#8221;|||29px||&#8221; custom_margin_last_edited=&#8221;on|phone&#8221; custom_margin_phone=&#8221;|||0px|false|false&#8221; custom_margin_tablet=&#8221;30px|||0px|false|false&#8221;][/et_pb_image][/et_pb_column][/et_pb_row][/et_pb_section]</p>

<p>The photo exhibition explores the early years of the Vihreä Lanka newspaper and pioneering environmentalists in Finland. In addition to photos, the exhibition includes drawings by Sami Toivonen and Pekka Sauri, as well as interviews with the newspaper&#8217;s chief editors Timo Harakka and Pauli Välimäki.Vihreä Lanka was published from 1983 to 2019. The newspaper boosted [&hellip;]</p>
